{"id":83,"date":"2010-09-28T14:32:22","date_gmt":"2010-09-28T14:32:22","guid":{"rendered":"http:\/\/localhost\/wasserlexikon\/"},"modified":"2010-09-28T14:32:22","modified_gmt":"2010-09-28T14:32:22","slug":"asbest","status":"publish","type":"page","link":"\/var\/www\/vhosts\/wasser-lexikon.de\/httpdocs\/asbest\/","title":{"rendered":"Asbest"},"content":{"rendered":"<div>ist ein faseriges Mineral mit hoher Zugfestigkeit, das in der  Vergangenheit in gro\u00dfem Umfang f\u00fcr die Herstellung des Werkstoffes  Asbestzement (AZ) verwendet wurde. Daraus sind u. a. auch Druckrohre f\u00fcr  Trinkwasserleitungen produziert worden. Seit erkannt worden ist, da\u00df  der eingeatmete <a href=\"http:\/\/www.wasser-lexikon.de\/Asbest\" class=\"kblinker\" title=\"More about Asbest &raquo;\">Asbest<\/a>-Feinststaub Lungenkrebs verursachen kann, ist in  Deutschland das &#8222;Inverkehrbringen&#8220; von Asbest und damit auch von  AZ-Erzeugnissen verboten.<\/div>\n<table  class=\" table table-hover\" style=\"width: 90%;\" border=\"0\" cellspacing=\"1\" cellpadding=\"3\">\n<tbody>\n<tr>\n<td><strong><a href=\"http:\/\/wasserlexikon.de\/asbest\/\" target=\"_self\">Wasser-Lexikon: Asbest<\/a><\/strong><\/td>\n<\/tr>\n<tr>\n<td><strong><a href=\"http:\/\/www.wasser-lexikon.de\/\">Wasser-Lexikon: Glossar<\/a><\/strong><\/td>\n<\/tr>\n<\/tbody>\n<\/table>\n","protected":false},"excerpt":{"rendered":"<p>ist ein faseriges Mineral mit hoher Zugfestigkeit, das in der Vergangenheit in gro\u00dfem Umfang f\u00fcr die Herstellung des Werkstoffes Asbestzement (AZ) verwendet wurde. Daraus sind u. a. auch Druckrohre f\u00fcr Trinkwasserleitungen produziert worden. Seit erkannt worden ist, da\u00df der eingeatmete Asbest-Feinststaub Lungenkrebs verursachen kann, ist in Deutschland das &#8222;Inverkehrbringen&#8220; von Asbest und damit auch von [&hellip;]<\/p>\n","protected":false},"author":1,"featured_media":0,"parent":0,"menu_order":0,"comment_status":"closed","ping_status":"closed","template":"","meta":{"footnotes":""},"tags":[],"class_list":["post-83","page","type-page","status-publish","hentry"],"_links":{"self":[{"href":"\/var\/www\/vhosts\/wasser-lexikon.de\/httpdocs\/wp-json\/wp\/v2\/pages\/83","targetHints":{"allow":["GET"]}}],"collection":[{"href":"\/var\/www\/vhosts\/wasser-lexikon.de\/httpdocs\/wp-json\/wp\/v2\/pages"}],"about":[{"href":"\/var\/www\/vhosts\/wasser-lexikon.de\/httpdocs\/wp-json\/wp\/v2\/types\/page"}],"author":[{"embeddable":true,"href":"\/var\/www\/vhosts\/wasser-lexikon.de\/httpdocs\/wp-json\/wp\/v2\/users\/1"}],"replies":[{"embeddable":true,"href":"\/var\/www\/vhosts\/wasser-lexikon.de\/httpdocs\/wp-json\/wp\/v2\/comments?post=83"}],"version-history":[{"count":1,"href":"\/var\/www\/vhosts\/wasser-lexikon.de\/httpdocs\/wp-json\/wp\/v2\/pages\/83\/revisions"}],"predecessor-version":[{"id":84,"href":"\/var\/www\/vhosts\/wasser-lexikon.de\/httpdocs\/wp-json\/wp\/v2\/pages\/83\/revisions\/84"}],"wp:attachment":[{"href":"\/var\/www\/vhosts\/wasser-lexikon.de\/httpdocs\/wp-json\/wp\/v2\/media?parent=83"}],"wp:term":[{"taxonomy":"post_tag","embeddable":true,"href":"\/var\/www\/vhosts\/wasser-lexikon.de\/httpdocs\/wp-json\/wp\/v2\/tags?post=83"}],"curies":[{"name":"wp","href":"https:\/\/api.w.org\/{rel}","templated":true}]}}