{"id":807,"date":"2010-10-02T17:36:16","date_gmt":"2010-10-02T17:36:16","guid":{"rendered":"http:\/\/localhost\/wasserlexikon\/"},"modified":"2010-10-02T17:36:16","modified_gmt":"2010-10-02T17:36:16","slug":"zink","status":"publish","type":"page","link":"\/var\/www\/vhosts\/wasser-lexikon.de\/httpdocs\/zink\/","title":{"rendered":"Zink"},"content":{"rendered":"<div>ist ein bl\u00e4ulichwei\u00df gl\u00e4nzendes, spr\u00f6des, unedles und in hoher Konzentration giftiges Metall, das vor allem zum Schutz vor <a href=\"http:\/\/www.wasser-lexikon.de\/search.php?key=Korrosion\">Korrosion<\/a> (<a href=\"http:\/\/wasserlexikon.de\/verzinkung\/\"><a href=\"http:\/\/www.wasser-lexikon.de\/Verzinkung\" class=\"kblinker\" title=\"More about Verzinkung &raquo;\">Verzinkung<\/a><\/a>),  aber auch zur Herstellung von Blechen verwendet wird. <a href=\"http:\/\/www.wasser-lexikon.de\/Zink\" class=\"kblinker\" title=\"More about Zink &raquo;\">Zink<\/a> geh\u00f6rt zu  den lebensnotwendigen Spurenelement und ist Bestandteil zahlreicher  Enzyme.<\/div>\n<table  class=\" table table-hover\" style=\"width: 90%;\" border=\"0\" cellspacing=\"1\" cellpadding=\"3\">\n<tbody>\n<tr>\n<td><strong><a href=\"http:\/\/wasserlexikon.de\/zink\/\" target=\"_self\">Wasser-Lexikon: Zink<\/a><\/strong><\/td>\n<\/tr>\n<tr>\n<td><strong><a href=\"http:\/\/wasserlexikon.de\/verzinkung\/\" target=\"_self\">Wasser-Lexikon: Verzinkung<\/a><\/strong><\/td>\n<\/tr>\n<tr>\n<td><strong><a href=\"http:\/\/www.wasser-lexikon.de\/\">Wasser-Lexikon: Glossar<\/a><\/strong><\/td>\n<\/tr>\n<\/tbody>\n<\/table>\n","protected":false},"excerpt":{"rendered":"<p>ist ein bl\u00e4ulichwei\u00df gl\u00e4nzendes, spr\u00f6des, unedles und in hoher Konzentration giftiges Metall, das vor allem zum Schutz vor Korrosion (Verzinkung), aber auch zur Herstellung von Blechen verwendet wird. Zink geh\u00f6rt zu den lebensnotwendigen Spurenelement und ist Bestandteil zahlreicher Enzyme. Wasser-Lexikon: Zink Wasser-Lexikon: Verzinkung Wasser-Lexikon: Glossar<\/p>\n","protected":false},"author":1,"featured_media":0,"parent":0,"menu_order":0,"comment_status":"closed","ping_status":"closed","template":"","meta":{"footnotes":""},"tags":[],"class_list":["post-807","page","type-page","status-publish","hentry"],"_links":{"self":[{"href":"\/var\/www\/vhosts\/wasser-lexikon.de\/httpdocs\/wp-json\/wp\/v2\/pages\/807","targetHints":{"allow":["GET"]}}],"collection":[{"href":"\/var\/www\/vhosts\/wasser-lexikon.de\/httpdocs\/wp-json\/wp\/v2\/pages"}],"about":[{"href":"\/var\/www\/vhosts\/wasser-lexikon.de\/httpdocs\/wp-json\/wp\/v2\/types\/page"}],"author":[{"embeddable":true,"href":"\/var\/www\/vhosts\/wasser-lexikon.de\/httpdocs\/wp-json\/wp\/v2\/users\/1"}],"replies":[{"embeddable":true,"href":"\/var\/www\/vhosts\/wasser-lexikon.de\/httpdocs\/wp-json\/wp\/v2\/comments?post=807"}],"version-history":[{"count":1,"href":"\/var\/www\/vhosts\/wasser-lexikon.de\/httpdocs\/wp-json\/wp\/v2\/pages\/807\/revisions"}],"predecessor-version":[{"id":808,"href":"\/var\/www\/vhosts\/wasser-lexikon.de\/httpdocs\/wp-json\/wp\/v2\/pages\/807\/revisions\/808"}],"wp:attachment":[{"href":"\/var\/www\/vhosts\/wasser-lexikon.de\/httpdocs\/wp-json\/wp\/v2\/media?parent=807"}],"wp:term":[{"taxonomy":"post_tag","embeddable":true,"href":"\/var\/www\/vhosts\/wasser-lexikon.de\/httpdocs\/wp-json\/wp\/v2\/tags?post=807"}],"curies":[{"name":"wp","href":"https:\/\/api.w.org\/{rel}","templated":true}]}}