{"id":730,"date":"2010-10-02T17:19:45","date_gmt":"2010-10-02T17:19:45","guid":{"rendered":"http:\/\/localhost\/wasserlexikon\/"},"modified":"2010-10-22T12:54:52","modified_gmt":"2010-10-22T12:54:52","slug":"wasserbedarf","status":"publish","type":"page","link":"\/var\/www\/vhosts\/wasser-lexikon.de\/httpdocs\/wasserbedarf\/","title":{"rendered":"Wasserbedarf"},"content":{"rendered":"<div>bezeichnet die innerhalb eines bestimmten Zeitraumes in einem Versorgungsgebiet ben\u00f6tigte Menge an <a href=\"http:\/\/wasserlexikon.de\/trinkwasser\/\">Trink<\/a>&#8211; und <a href=\"http:\/\/wasserlexikon.de\/brauchwasser\/\"><a href=\"http:\/\/www.wasser-lexikon.de\/Brauchwasser\" class=\"kblinker\" title=\"More about Brauchwasser &raquo;\">Brauchwasser<\/a><\/a> und dient als Planungsma\u00dfstab f\u00fcr die Errichtung einer <a href=\"http:\/\/wasserlexikon.de\/wasserversorgungsanlage\/\">Wasserversorgungsanlage<\/a>.<\/div>\n<table  class=\" table table-hover\" style=\"width: 90%;\" border=\"0\" cellspacing=\"1\" cellpadding=\"3\">\n<tbody>\n<tr>\n<td><strong><a href=\"http:\/\/wasserlexikon.de\/wasserbedarf\/\" target=\"_self\">Wasser-Lexikon: Wasserbedarf<\/a><\/strong><\/td>\n<\/tr>\n<tr>\n<td><strong><a href=\"http:\/\/wasserlexikon.de\/trinkwasserbehalter\/\" target=\"_self\">Wasser-Lexikon: Trinkwasserbeh\u00e4lter<\/a><\/strong><\/td>\n<\/tr>\n<tr>\n<td><strong><a href=\"http:\/\/www.wasser-lexikon.de\/\">Wasser-Lexikon: Glossar<\/a><\/strong><\/td>\n<\/tr>\n<\/tbody>\n<\/table>\n","protected":false},"excerpt":{"rendered":"<p>bezeichnet die innerhalb eines bestimmten Zeitraumes in einem Versorgungsgebiet ben\u00f6tigte Menge an Trink&#8211; und Brauchwasser und dient als Planungsma\u00dfstab f\u00fcr die Errichtung einer Wasserversorgungsanlage. Wasser-Lexikon: Wasserbedarf Wasser-Lexikon: Trinkwasserbeh\u00e4lter Wasser-Lexikon: Glossar<\/p>\n","protected":false},"author":1,"featured_media":0,"parent":0,"menu_order":0,"comment_status":"closed","ping_status":"closed","template":"","meta":{"footnotes":""},"tags":[],"class_list":["post-730","page","type-page","status-publish","hentry"],"_links":{"self":[{"href":"\/var\/www\/vhosts\/wasser-lexikon.de\/httpdocs\/wp-json\/wp\/v2\/pages\/730","targetHints":{"allow":["GET"]}}],"collection":[{"href":"\/var\/www\/vhosts\/wasser-lexikon.de\/httpdocs\/wp-json\/wp\/v2\/pages"}],"about":[{"href":"\/var\/www\/vhosts\/wasser-lexikon.de\/httpdocs\/wp-json\/wp\/v2\/types\/page"}],"author":[{"embeddable":true,"href":"\/var\/www\/vhosts\/wasser-lexikon.de\/httpdocs\/wp-json\/wp\/v2\/users\/1"}],"replies":[{"embeddable":true,"href":"\/var\/www\/vhosts\/wasser-lexikon.de\/httpdocs\/wp-json\/wp\/v2\/comments?post=730"}],"version-history":[{"count":2,"href":"\/var\/www\/vhosts\/wasser-lexikon.de\/httpdocs\/wp-json\/wp\/v2\/pages\/730\/revisions"}],"predecessor-version":[{"id":846,"href":"\/var\/www\/vhosts\/wasser-lexikon.de\/httpdocs\/wp-json\/wp\/v2\/pages\/730\/revisions\/846"}],"wp:attachment":[{"href":"\/var\/www\/vhosts\/wasser-lexikon.de\/httpdocs\/wp-json\/wp\/v2\/media?parent=730"}],"wp:term":[{"taxonomy":"post_tag","embeddable":true,"href":"\/var\/www\/vhosts\/wasser-lexikon.de\/httpdocs\/wp-json\/wp\/v2\/tags?post=730"}],"curies":[{"name":"wp","href":"https:\/\/api.w.org\/{rel}","templated":true}]}}