{"id":697,"date":"2010-10-02T17:11:58","date_gmt":"2010-10-02T17:11:58","guid":{"rendered":"http:\/\/localhost\/wasserlexikon\/"},"modified":"2010-10-02T17:11:58","modified_gmt":"2010-10-02T17:11:58","slug":"ungeloste-stoffe","status":"publish","type":"page","link":"\/var\/www\/vhosts\/wasser-lexikon.de\/httpdocs\/ungeloste-stoffe\/","title":{"rendered":"Ungel\u00f6ste Stoffe"},"content":{"rendered":"<div>sind <a href=\"http:\/\/wasserlexikon.de\/feststoffe\/\">Feststoffe<\/a>, die sich in einer Fl\u00fcssigkeit befinden und durch mechanische Verfahren (z. B. <a href=\"http:\/\/wasserlexikon.de\/filtration\/\"><a href=\"http:\/\/www.wasser-lexikon.de\/Filtration\" class=\"kblinker\" title=\"More about Filtration &raquo;\">Filtration<\/a><\/a>) entfernen lassen. <a href=\"http:\/\/wasserlexikon.de\/trinkwasser\/\"><a href=\"http:\/\/www.wasser-lexikon.de\/Trinkwasser\" class=\"kblinker\" title=\"More about Trinkwasser &raquo;\">Trinkwasser<\/a><\/a> darf gem\u00e4\u00df der <a href=\"http:\/\/www.wasser-lexikon.de\/DIN\" class=\"kblinker\" target=\"2000\" title=\"More about DIN 2000 &raquo;\">DIN 2000<\/a> keine ungel\u00f6sten Stoffe enthalten.<\/div>\n<table  class=\" table table-hover\" style=\"width: 90%;\" border=\"0\" cellspacing=\"1\" cellpadding=\"3\">\n<tbody>\n<tr>\n<td><strong><a href=\"http:\/\/wasserlexikon.de\/ungeloste-stoffe\/\" target=\"_self\">Wasser-Lexikon: Ungel\u00f6steStoffe<\/a><\/strong><\/td>\n<\/tr>\n<tr>\n<td><strong><a href=\"http:\/\/wasserlexikon.de\/ungeloste-stoffe\/\" target=\"_self\">Wasser-Lexikon: ungeloestestoffe<\/a><\/strong><\/td>\n<\/tr>\n<tr>\n<td><strong><a href=\"http:\/\/wasserlexikon.de\/feststoffe\/\" target=\"_self\">Wasser-Lexikon: Feststoffe<\/a><\/strong><\/td>\n<\/tr>\n<tr>\n<td><strong><a href=\"http:\/\/wasserlexikon.de\/schwebstoffe\/\" target=\"_self\">Wasser-Lexikon: Schwebstoffe<\/a><\/strong><\/td>\n<\/tr>\n<tr>\n<td><strong><a href=\"http:\/\/www.wasser-lexikon.de\/\">Wasser-Lexikon: Glossar<\/a><\/strong><\/td>\n<\/tr>\n<tr>\n<td><strong><a href=\"http:\/\/wasserlexikon.de\/schwimmstoffe\/\" target=\"_self\">Wasser-Lexikon: Schwimmstoffe<\/a><\/strong><\/td>\n<\/tr>\n<\/tbody>\n<\/table>\n","protected":false},"excerpt":{"rendered":"<p>sind Feststoffe, die sich in einer Fl\u00fcssigkeit befinden und durch mechanische Verfahren (z. B. Filtration) entfernen lassen. Trinkwasser darf gem\u00e4\u00df der DIN 2000 keine ungel\u00f6sten Stoffe enthalten. Wasser-Lexikon: Ungel\u00f6steStoffe Wasser-Lexikon: ungeloestestoffe Wasser-Lexikon: Feststoffe Wasser-Lexikon: Schwebstoffe Wasser-Lexikon: Glossar Wasser-Lexikon: Schwimmstoffe<\/p>\n","protected":false},"author":1,"featured_media":0,"parent":0,"menu_order":0,"comment_status":"closed","ping_status":"closed","template":"","meta":{"footnotes":""},"tags":[],"class_list":["post-697","page","type-page","status-publish","hentry"],"_links":{"self":[{"href":"\/var\/www\/vhosts\/wasser-lexikon.de\/httpdocs\/wp-json\/wp\/v2\/pages\/697","targetHints":{"allow":["GET"]}}],"collection":[{"href":"\/var\/www\/vhosts\/wasser-lexikon.de\/httpdocs\/wp-json\/wp\/v2\/pages"}],"about":[{"href":"\/var\/www\/vhosts\/wasser-lexikon.de\/httpdocs\/wp-json\/wp\/v2\/types\/page"}],"author":[{"embeddable":true,"href":"\/var\/www\/vhosts\/wasser-lexikon.de\/httpdocs\/wp-json\/wp\/v2\/users\/1"}],"replies":[{"embeddable":true,"href":"\/var\/www\/vhosts\/wasser-lexikon.de\/httpdocs\/wp-json\/wp\/v2\/comments?post=697"}],"version-history":[{"count":1,"href":"\/var\/www\/vhosts\/wasser-lexikon.de\/httpdocs\/wp-json\/wp\/v2\/pages\/697\/revisions"}],"predecessor-version":[{"id":698,"href":"\/var\/www\/vhosts\/wasser-lexikon.de\/httpdocs\/wp-json\/wp\/v2\/pages\/697\/revisions\/698"}],"wp:attachment":[{"href":"\/var\/www\/vhosts\/wasser-lexikon.de\/httpdocs\/wp-json\/wp\/v2\/media?parent=697"}],"wp:term":[{"taxonomy":"post_tag","embeddable":true,"href":"\/var\/www\/vhosts\/wasser-lexikon.de\/httpdocs\/wp-json\/wp\/v2\/tags?post=697"}],"curies":[{"name":"wp","href":"https:\/\/api.w.org\/{rel}","templated":true}]}}