{"id":677,"date":"2010-10-02T15:56:14","date_gmt":"2010-10-02T15:56:14","guid":{"rendered":"http:\/\/localhost\/wasserlexikon\/"},"modified":"2010-10-02T15:56:14","modified_gmt":"2010-10-02T15:56:14","slug":"trinkwasserqualitat","status":"publish","type":"page","link":"\/var\/www\/vhosts\/wasser-lexikon.de\/httpdocs\/trinkwasserqualitat\/","title":{"rendered":"Trinkwasserqualit\u00e4t"},"content":{"rendered":"<div>Die Qualit\u00e4t des <a href=\"http:\/\/wasserlexikon.de\/trinkwasser\/\">Trinkwassers<\/a> wird durch die <a href=\"http:\/\/wasserlexikon.de\/trinkwasserverordnung\/\">Trinkwasserverordnung<\/a> geregelt. Danach ist es unter Strafe verboten, <a href=\"http:\/\/wasserlexikon.de\/trinkwasser\/\">Trinkwasser<\/a> so zu gewinnen, herzustellen und zuzubereiten, da\u00df dessen Genu\u00df die menschliche Gesundheit eines anderen zu sch\u00e4digen geeignet ist.<\/div>\n<table  class=\" table table-hover\" style=\"width: 90%;\" border=\"0\" cellspacing=\"1\" cellpadding=\"3\">\n<tbody>\n<tr>\n<td><strong><a href=\"http:\/\/wasserlexikon.de\/trinkwasserqualitat\/\" target=\"_self\">Wasser-Lexikon: Trinkwasserqualit\u00e4t<\/a><\/strong><\/td>\n<\/tr>\n<tr>\n<td><strong><a href=\"http:\/\/www.wasser-lexikon.de\/\">Wasser-Lexikon: Glossar<\/a><\/strong><\/td>\n<\/tr>\n<\/tbody>\n<\/table>\n","protected":false},"excerpt":{"rendered":"<p>Die Qualit\u00e4t des Trinkwassers wird durch die Trinkwasserverordnung geregelt. Danach ist es unter Strafe verboten, Trinkwasser so zu gewinnen, herzustellen und zuzubereiten, da\u00df dessen Genu\u00df die menschliche Gesundheit eines anderen zu sch\u00e4digen geeignet ist. Wasser-Lexikon: Trinkwasserqualit\u00e4t Wasser-Lexikon: Glossar<\/p>\n","protected":false},"author":1,"featured_media":0,"parent":0,"menu_order":0,"comment_status":"closed","ping_status":"closed","template":"","meta":{"footnotes":""},"tags":[],"class_list":["post-677","page","type-page","status-publish","hentry"],"_links":{"self":[{"href":"\/var\/www\/vhosts\/wasser-lexikon.de\/httpdocs\/wp-json\/wp\/v2\/pages\/677","targetHints":{"allow":["GET"]}}],"collection":[{"href":"\/var\/www\/vhosts\/wasser-lexikon.de\/httpdocs\/wp-json\/wp\/v2\/pages"}],"about":[{"href":"\/var\/www\/vhosts\/wasser-lexikon.de\/httpdocs\/wp-json\/wp\/v2\/types\/page"}],"author":[{"embeddable":true,"href":"\/var\/www\/vhosts\/wasser-lexikon.de\/httpdocs\/wp-json\/wp\/v2\/users\/1"}],"replies":[{"embeddable":true,"href":"\/var\/www\/vhosts\/wasser-lexikon.de\/httpdocs\/wp-json\/wp\/v2\/comments?post=677"}],"version-history":[{"count":1,"href":"\/var\/www\/vhosts\/wasser-lexikon.de\/httpdocs\/wp-json\/wp\/v2\/pages\/677\/revisions"}],"predecessor-version":[{"id":678,"href":"\/var\/www\/vhosts\/wasser-lexikon.de\/httpdocs\/wp-json\/wp\/v2\/pages\/677\/revisions\/678"}],"wp:attachment":[{"href":"\/var\/www\/vhosts\/wasser-lexikon.de\/httpdocs\/wp-json\/wp\/v2\/media?parent=677"}],"wp:term":[{"taxonomy":"post_tag","embeddable":true,"href":"\/var\/www\/vhosts\/wasser-lexikon.de\/httpdocs\/wp-json\/wp\/v2\/tags?post=677"}],"curies":[{"name":"wp","href":"https:\/\/api.w.org\/{rel}","templated":true}]}}