{"id":443,"date":"2010-09-30T14:27:22","date_gmt":"2010-09-30T14:27:22","guid":{"rendered":"http:\/\/localhost\/wasserlexikon\/"},"modified":"2011-05-25T14:45:28","modified_gmt":"2011-05-25T14:45:28","slug":"legionellen","status":"publish","type":"page","link":"\/var\/www\/vhosts\/wasser-lexikon.de\/httpdocs\/legionellen\/","title":{"rendered":"Legionellen"},"content":{"rendered":"<div><a href=\"http:\/\/www.wasser-lexikon.de\/Legionellen\" class=\"kblinker\" title=\"More about Legionellen &raquo;\">Legionellen<\/a> (Legionella pneumophila) sind <a href=\"http:\/\/www.wasser-lexikon.de\/bakterien\/\">Bakterien<\/a>, und zwar Bodenkeime, die auch im <a href=\"http:\/\/www.wasser-lexikon.de\/Wasser\" class=\"kblinker\" title=\"More about Wasser &raquo;\">Wasser<\/a> vorkommen k\u00f6nnen, und sich darin bei <a href=\"http:\/\/wasserlexikon.de\/temperatur\/\">Temperatur<\/a>en  zwischen 30\u00b0C und 50\u00b0C gut vermehren (z. B. in Warmwassersystemen,  Klimaanlagen).<\/div>\n<div>Die \u00dcbertragung der <a href=\"http:\/\/www.wasser-lexikon.de\/Krankheitserreger\" class=\"kblinker\" title=\"More about Krankheitserreger &raquo;\">Krankheitserreger<\/a> auf den Menschen erfolgt \u00fcber die Luft,  so da\u00df sie beim Atmen in die Lungen gelangen. Insbesondere bei Wasserdampf-Nebel (Aerosole=schwebende Fl\u00fcssigkeitstr\u00f6pfchen in der Luft) in Duschen , bei Klimaanlagen, Whirlpools und sonstige Anlagen bei denen Wasserdampf-Tr\u00f6pfchen erzeugt werden (z.B. Luftbefeuchter)\u00a0 k\u00f6nnen Legionellen- <a href=\"http:\/\/www.wasser-lexikon.de\/Bakterien\" class=\"kblinker\" title=\"More about Bakterien &raquo;\">Bakterien<\/a> mit dem Einatmen in die Lunge gelangen und dort eine Erkrankung (siehe Legion\u00e4rskrankheit) ausl\u00f6sen.<\/div>\n<div>Eine Gesundheitsgef\u00e4hrdung ist bei vorhandenen Legionellen nicht unmittelbar gegeben.\u00a0 Erst durch die Aufnahme einer gro\u00dfer Anzahl von Erregern durch das Einatmen von bakterienhaltigem Wasser in Tr\u00f6pfchenform (Aerosol) kann es zu einer Erkrankung kommen.<\/div>\n<table  class=\" table table-hover\" style=\"width: 90%;\" border=\"0\" cellspacing=\"1\" cellpadding=\"3\">\n<tbody>\n<tr>\n<td><strong><a href=\"http:\/\/wasserlexikon.de\/legionellen\/\" target=\"_self\">Wasser-Lexikon: Legionellen<\/a><\/strong><\/td>\n<\/tr>\n<tr>\n<td><strong><a href=\"http:\/\/wasserlexikon.de\/legionarskrankheit\/\" target=\"_self\">Wasser-Lexikon: Legion\u00e4rskrankheit<\/a><\/strong><\/td>\n<\/tr>\n<tr>\n<td><strong><a href=\"http:\/\/www.wasser-lexikon.de\/\">Wasser-Lexikon: Glossar<\/a><\/strong><\/td>\n<\/tr>\n<\/tbody>\n<\/table>\n","protected":false},"excerpt":{"rendered":"<p>Legionellen (Legionella pneumophila) sind Bakterien, und zwar Bodenkeime, die auch im Wasser vorkommen k\u00f6nnen, und sich darin bei Temperaturen zwischen 30\u00b0C und 50\u00b0C gut vermehren (z. B. in Warmwassersystemen, Klimaanlagen). Die \u00dcbertragung der Krankheitserreger auf den Menschen erfolgt \u00fcber die Luft, so da\u00df sie beim Atmen in die Lungen gelangen. Insbesondere bei Wasserdampf-Nebel (Aerosole=schwebende Fl\u00fcssigkeitstr\u00f6pfchen [&hellip;]<\/p>\n","protected":false},"author":1,"featured_media":0,"parent":0,"menu_order":0,"comment_status":"closed","ping_status":"closed","template":"","meta":{"footnotes":""},"tags":[],"class_list":["post-443","page","type-page","status-publish","hentry"],"_links":{"self":[{"href":"\/var\/www\/vhosts\/wasser-lexikon.de\/httpdocs\/wp-json\/wp\/v2\/pages\/443","targetHints":{"allow":["GET"]}}],"collection":[{"href":"\/var\/www\/vhosts\/wasser-lexikon.de\/httpdocs\/wp-json\/wp\/v2\/pages"}],"about":[{"href":"\/var\/www\/vhosts\/wasser-lexikon.de\/httpdocs\/wp-json\/wp\/v2\/types\/page"}],"author":[{"embeddable":true,"href":"\/var\/www\/vhosts\/wasser-lexikon.de\/httpdocs\/wp-json\/wp\/v2\/users\/1"}],"replies":[{"embeddable":true,"href":"\/var\/www\/vhosts\/wasser-lexikon.de\/httpdocs\/wp-json\/wp\/v2\/comments?post=443"}],"version-history":[{"count":6,"href":"\/var\/www\/vhosts\/wasser-lexikon.de\/httpdocs\/wp-json\/wp\/v2\/pages\/443\/revisions"}],"predecessor-version":[{"id":995,"href":"\/var\/www\/vhosts\/wasser-lexikon.de\/httpdocs\/wp-json\/wp\/v2\/pages\/443\/revisions\/995"}],"wp:attachment":[{"href":"\/var\/www\/vhosts\/wasser-lexikon.de\/httpdocs\/wp-json\/wp\/v2\/media?parent=443"}],"wp:term":[{"taxonomy":"post_tag","embeddable":true,"href":"\/var\/www\/vhosts\/wasser-lexikon.de\/httpdocs\/wp-json\/wp\/v2\/tags?post=443"}],"curies":[{"name":"wp","href":"https:\/\/api.w.org\/{rel}","templated":true}]}}