{"id":371,"date":"2010-09-30T13:37:30","date_gmt":"2010-09-30T13:37:30","guid":{"rendered":"http:\/\/localhost\/wasserlexikon\/"},"modified":"2011-11-10T12:56:04","modified_gmt":"2011-11-10T10:56:04","slug":"infektionsschutzgesetz","status":"publish","type":"page","link":"\/var\/www\/vhosts\/wasser-lexikon.de\/httpdocs\/infektionsschutzgesetz\/","title":{"rendered":"Infektionsschutzgesetz"},"content":{"rendered":"<p>(IfSG). Das &#8222;Gesetz zur Verh\u00fctung und Bek\u00e4mpfung von  Infektionskrankheiten beim Menschen&#8220; (Infektionsschutzgesetz &#8211; IfSG),  das das <a href=\"http:\/\/wasserlexikon.de\/bundesseuchengesetz\/\">Bundesseuchengesetz<\/a> abl\u00f6st, ist seit dem 01.01.2001 in Kraft und stellt die Grundlage f\u00fcr die <a href=\"http:\/\/wasserlexikon.de\/trinkwasserverordnung\/\"><a href=\"http:\/\/www.wasser-lexikon.de\/Trinkwasserverordnung\" class=\"kblinker\" title=\"More about Trinkwasserverordnung &raquo;\">Trinkwasserverordnung<\/a><\/a> dar. In \u00a7 37 Abs. 1 wird die Beschaffenheit von <a href=\"http:\/\/wasserlexikon.de\/<a href=\"http:\/\/www.wasser-lexikon.de\/Wasser\" class=\"kblinker\" title=\"More about Wasser &raquo;\">wasser<\/a>\/&#8220;>Wasser<\/a> f\u00fcr den menschlichen Gebrauch wie folgt definiert: &#8222;&#8230; mu\u00df so  beschaffen sein, dass durch seinen Genuss oder Gebrauch eine Sch\u00e4digung  der menschlichen Gesundheit, insbesondere durch <a href=\"http:\/\/wasserlexikon.de\/krankheitserreger\/\"><a href=\"http:\/\/www.wasser-lexikon.de\/Krankheitserreger\" class=\"kblinker\" title=\"More about Krankheitserreger &raquo;\">Krankheitserreger<\/a><\/a>, nicht zu besorgen ist.&#8220;<\/p>\n<table  class=\" table table-hover\" border=\"0\" cellspacing=\"1\" cellpadding=\"3\">\n<tbody>\n<tr>\n<td><strong><a href=\"http:\/\/wasserlexikon.de\/infektionsschutzgesetz\/\" target=\"_self\">Infektionsschutzgesetz<\/a><\/strong><\/td>\n<\/tr>\n<tr>\n<td><strong><a href=\"http:\/\/wasserlexikon.de\/trinkwasserverordnung\/\" target=\"_self\">Trinkwasserverordnung<\/a><\/strong><\/td>\n<\/tr>\n<tr>\n<td><strong><a href=\"http:\/\/wasserlexikon.de\/bundesseuchengesetz\/\" target=\"_self\">Bundesseuchengesetz<\/a><\/strong><\/td>\n<\/tr>\n<tr>\n<td><strong><a href=\"..\/\">Wasser-Lexikon<\/a><\/strong><\/td>\n<\/tr>\n<\/tbody>\n<\/table>\n","protected":false},"excerpt":{"rendered":"<p>(IfSG). Das &#8222;Gesetz zur Verh\u00fctung und Bek\u00e4mpfung von Infektionskrankheiten beim Menschen&#8220; (Infektionsschutzgesetz &#8211; IfSG), das das Bundesseuchengesetz abl\u00f6st, ist seit dem 01.01.2001 in Kraft und stellt die Grundlage f\u00fcr die Trinkwasserverordnung dar. In \u00a7 37 Abs. 1 wird die Beschaffenheit von<\/p>\n","protected":false},"author":1,"featured_media":0,"parent":0,"menu_order":0,"comment_status":"closed","ping_status":"closed","template":"","meta":{"footnotes":""},"tags":[],"class_list":["post-371","page","type-page","status-publish","hentry"],"_links":{"self":[{"href":"\/var\/www\/vhosts\/wasser-lexikon.de\/httpdocs\/wp-json\/wp\/v2\/pages\/371","targetHints":{"allow":["GET"]}}],"collection":[{"href":"\/var\/www\/vhosts\/wasser-lexikon.de\/httpdocs\/wp-json\/wp\/v2\/pages"}],"about":[{"href":"\/var\/www\/vhosts\/wasser-lexikon.de\/httpdocs\/wp-json\/wp\/v2\/types\/page"}],"author":[{"embeddable":true,"href":"\/var\/www\/vhosts\/wasser-lexikon.de\/httpdocs\/wp-json\/wp\/v2\/users\/1"}],"replies":[{"embeddable":true,"href":"\/var\/www\/vhosts\/wasser-lexikon.de\/httpdocs\/wp-json\/wp\/v2\/comments?post=371"}],"version-history":[{"count":3,"href":"\/var\/www\/vhosts\/wasser-lexikon.de\/httpdocs\/wp-json\/wp\/v2\/pages\/371\/revisions"}],"predecessor-version":[{"id":1229,"href":"\/var\/www\/vhosts\/wasser-lexikon.de\/httpdocs\/wp-json\/wp\/v2\/pages\/371\/revisions\/1229"}],"wp:attachment":[{"href":"\/var\/www\/vhosts\/wasser-lexikon.de\/httpdocs\/wp-json\/wp\/v2\/media?parent=371"}],"wp:term":[{"taxonomy":"post_tag","embeddable":true,"href":"\/var\/www\/vhosts\/wasser-lexikon.de\/httpdocs\/wp-json\/wp\/v2\/tags?post=371"}],"curies":[{"name":"wp","href":"https:\/\/api.w.org\/{rel}","templated":true}]}}