{"id":314,"date":"2010-09-30T11:56:21","date_gmt":"2010-09-30T11:56:21","guid":{"rendered":"http:\/\/localhost\/wasserlexikon\/"},"modified":"2010-09-30T11:56:21","modified_gmt":"2010-09-30T11:56:21","slug":"grundwasser","status":"publish","type":"page","link":"\/var\/www\/vhosts\/wasser-lexikon.de\/httpdocs\/grundwasser\/","title":{"rendered":"Grundwasser"},"content":{"rendered":"<div>ist unterirdisches <a href=\"http:\/\/wasserlexikon.de\/<a href=\"http:\/\/www.wasser-lexikon.de\/Wasser\" class=\"kblinker\" title=\"More about Wasser &raquo;\">wasser<\/a>\/&#8220;>Wasser<\/a> (stehend oder flie\u00dfend), das Hohlr\u00e4ume im Boden oder Gestein zusammenh\u00e4ngend ausf\u00fcllt. Da es sich u.a. durch Versickerung von <a href=\"http:\/\/wasserlexikon.de\/niederschlagswasser\/\"><a href=\"http:\/\/www.wasser-lexikon.de\/Niederschlagswasser\" class=\"kblinker\" title=\"More about Niederschlagswasser &raquo;\">Niederschlagswasser<\/a><\/a> bildet und einem Oberfl\u00e4chengew\u00e4sser zuflie\u00dft oder als Quellwasser austritt, ist es ein Teil des <a href=\"http:\/\/wasserlexikon.de\/wasserkreislauf\/\">Wasserkreislaufes<\/a>. In der Regel ist naturbelassenes Grundwasser unbelastet (frei von Schadstoffen und pathogenen <a href=\"http:\/\/wasserlexikon.de\/keime\/\">Keimen<\/a>) und deshalb hervorragend zur Nutzung als <a href=\"http:\/\/wasserlexikon.de\/trinkwasser\/\"><a href=\"http:\/\/www.wasser-lexikon.de\/Trinkwasser\" class=\"kblinker\" title=\"More about Trinkwasser &raquo;\">Trinkwasser<\/a><\/a> geeignet.<\/div>\n<table  class=\" table table-hover\" style=\"width: 90%;\" border=\"0\" cellspacing=\"1\" cellpadding=\"3\">\n<tbody>\n<tr>\n<td><strong><a href=\"http:\/\/wasserlexikon.de\/grundwasser\/\" target=\"_self\">Wasser-Lexikon: Grundwasser<\/a><\/strong><\/td>\n<\/tr>\n<tr>\n<td><strong><a href=\"http:\/\/wasserlexikon.de\/wasser\/\" target=\"_self\">Wasser-Lexikon: Wasser<\/a><\/strong><\/td>\n<\/tr>\n<tr>\n<td><strong><a href=\"http:\/\/wasserlexikon.de\/eisen\/\" target=\"_self\">Wasser-Lexikon: Eisen<\/a><\/strong><\/td>\n<\/tr>\n<tr>\n<td><strong><a href=\"http:\/\/wasserlexikon.de\/brunnen\/\" target=\"_self\">Wasser-Lexikon: Brunnen<\/a><\/strong><\/td>\n<\/tr>\n<tr>\n<td><strong><a href=\"http:\/\/wasserlexikon.de\/wassergewinnung\/\" target=\"_self\">Wasser-Lexikon: Wassergewinnung<\/a><\/strong><\/td>\n<\/tr>\n<tr>\n<td><strong><a href=\"http:\/\/wasserlexikon.de\/quelle\/\" target=\"_self\">Wasser-Lexikon: Quelle<\/a><\/strong><\/td>\n<\/tr>\n<tr>\n<td><strong><a href=\"http:\/\/wasserlexikon.de\/suswasser\/\" target=\"_self\">Wasser-Lexikon: S\u00fc\u00dfwasser<\/a><\/strong><\/td>\n<\/tr>\n<tr>\n<td><strong><a href=\"http:\/\/wasserlexikon.de\/wasserhaltung\/\" target=\"_self\">Wasser-Lexikon: Wasserhaltung<\/a><\/strong><\/td>\n<\/tr>\n<tr>\n<td><strong><a href=\"http:\/\/wasserlexikon.de\/uferfiltration\/\" target=\"_self\">Wasser-Lexikon: Uferfiltration<\/a><\/strong><\/td>\n<\/tr>\n<tr>\n<td><strong><a href=\"http:\/\/wasserlexikon.de\/atrazin\/\" target=\"_self\">Wasser-Lexikon: Atrazin<\/a><\/strong><\/td>\n<\/tr>\n<\/tbody>\n<\/table>\n","protected":false},"excerpt":{"rendered":"<p>ist unterirdisches<\/p>\n","protected":false},"author":1,"featured_media":0,"parent":0,"menu_order":0,"comment_status":"closed","ping_status":"closed","template":"","meta":{"footnotes":""},"tags":[],"class_list":["post-314","page","type-page","status-publish","hentry"],"_links":{"self":[{"href":"\/var\/www\/vhosts\/wasser-lexikon.de\/httpdocs\/wp-json\/wp\/v2\/pages\/314","targetHints":{"allow":["GET"]}}],"collection":[{"href":"\/var\/www\/vhosts\/wasser-lexikon.de\/httpdocs\/wp-json\/wp\/v2\/pages"}],"about":[{"href":"\/var\/www\/vhosts\/wasser-lexikon.de\/httpdocs\/wp-json\/wp\/v2\/types\/page"}],"author":[{"embeddable":true,"href":"\/var\/www\/vhosts\/wasser-lexikon.de\/httpdocs\/wp-json\/wp\/v2\/users\/1"}],"replies":[{"embeddable":true,"href":"\/var\/www\/vhosts\/wasser-lexikon.de\/httpdocs\/wp-json\/wp\/v2\/comments?post=314"}],"version-history":[{"count":1,"href":"\/var\/www\/vhosts\/wasser-lexikon.de\/httpdocs\/wp-json\/wp\/v2\/pages\/314\/revisions"}],"predecessor-version":[{"id":315,"href":"\/var\/www\/vhosts\/wasser-lexikon.de\/httpdocs\/wp-json\/wp\/v2\/pages\/314\/revisions\/315"}],"wp:attachment":[{"href":"\/var\/www\/vhosts\/wasser-lexikon.de\/httpdocs\/wp-json\/wp\/v2\/media?parent=314"}],"wp:term":[{"taxonomy":"post_tag","embeddable":true,"href":"\/var\/www\/vhosts\/wasser-lexikon.de\/httpdocs\/wp-json\/wp\/v2\/tags?post=314"}],"curies":[{"name":"wp","href":"https:\/\/api.w.org\/{rel}","templated":true}]}}