{"id":153,"date":"2010-09-28T14:47:43","date_gmt":"2010-09-28T14:47:43","guid":{"rendered":"http:\/\/localhost\/wasserlexikon\/"},"modified":"2010-09-28T14:47:43","modified_gmt":"2010-09-28T14:47:43","slug":"chrom","status":"publish","type":"page","link":"\/var\/www\/vhosts\/wasser-lexikon.de\/httpdocs\/chrom\/","title":{"rendered":"Chrom"},"content":{"rendered":"<div>ist ein Schwermetall und relativ h\u00e4ufig vorkommendes Spurenelement der  Erdkruste, das sowohl essentielle Bedeutung f\u00fcr Mensch und Tier hat, als  auch in bestimmten Konzentrationen gesundheitssch\u00e4dlich sein kann.  Dient vor allem zum Veredeln von metallischen Oberfl\u00e4chen und als  Gerbstoff bei der Lederverarbeitung.<\/div>\n<table  class=\" table table-hover\" style=\"width: 90%;\" border=\"0\" cellspacing=\"1\" cellpadding=\"3\">\n<tbody>\n<tr>\n<td><strong><a href=\"http:\/\/wasserlexikon.de\/chrom\/\" target=\"_self\">Wasser-Lexikon: Chrom<\/a><\/strong><\/td>\n<\/tr>\n<tr>\n<td><strong><a href=\"http:\/\/www.wasser-lexikon.de\/\">Wasser-Lexikon: Glossar<\/a><\/strong><\/td>\n<\/tr>\n<tr>\n<td><strong><a href=\"http:\/\/wasserlexikon.de\/schwermetalle\/\" target=\"_self\">Wasser-Lexikon: Schwermetalle<\/a><\/strong><\/td>\n<\/tr>\n<\/tbody>\n<\/table>\n","protected":false},"excerpt":{"rendered":"<p>ist ein Schwermetall und relativ h\u00e4ufig vorkommendes Spurenelement der Erdkruste, das sowohl essentielle Bedeutung f\u00fcr Mensch und Tier hat, als auch in bestimmten Konzentrationen gesundheitssch\u00e4dlich sein kann. Dient vor allem zum Veredeln von metallischen Oberfl\u00e4chen und als Gerbstoff bei der Lederverarbeitung. Wasser-Lexikon: Chrom Wasser-Lexikon: Glossar Wasser-Lexikon: Schwermetalle<\/p>\n","protected":false},"author":1,"featured_media":0,"parent":0,"menu_order":0,"comment_status":"closed","ping_status":"closed","template":"","meta":{"footnotes":""},"tags":[],"class_list":["post-153","page","type-page","status-publish","hentry"],"_links":{"self":[{"href":"\/var\/www\/vhosts\/wasser-lexikon.de\/httpdocs\/wp-json\/wp\/v2\/pages\/153","targetHints":{"allow":["GET"]}}],"collection":[{"href":"\/var\/www\/vhosts\/wasser-lexikon.de\/httpdocs\/wp-json\/wp\/v2\/pages"}],"about":[{"href":"\/var\/www\/vhosts\/wasser-lexikon.de\/httpdocs\/wp-json\/wp\/v2\/types\/page"}],"author":[{"embeddable":true,"href":"\/var\/www\/vhosts\/wasser-lexikon.de\/httpdocs\/wp-json\/wp\/v2\/users\/1"}],"replies":[{"embeddable":true,"href":"\/var\/www\/vhosts\/wasser-lexikon.de\/httpdocs\/wp-json\/wp\/v2\/comments?post=153"}],"version-history":[{"count":1,"href":"\/var\/www\/vhosts\/wasser-lexikon.de\/httpdocs\/wp-json\/wp\/v2\/pages\/153\/revisions"}],"predecessor-version":[{"id":154,"href":"\/var\/www\/vhosts\/wasser-lexikon.de\/httpdocs\/wp-json\/wp\/v2\/pages\/153\/revisions\/154"}],"wp:attachment":[{"href":"\/var\/www\/vhosts\/wasser-lexikon.de\/httpdocs\/wp-json\/wp\/v2\/media?parent=153"}],"wp:term":[{"taxonomy":"post_tag","embeddable":true,"href":"\/var\/www\/vhosts\/wasser-lexikon.de\/httpdocs\/wp-json\/wp\/v2\/tags?post=153"}],"curies":[{"name":"wp","href":"https:\/\/api.w.org\/{rel}","templated":true}]}}