{"id":136,"date":"2010-09-28T14:43:02","date_gmt":"2010-09-28T14:43:02","guid":{"rendered":"http:\/\/localhost\/wasserlexikon\/"},"modified":"2010-09-28T14:43:02","modified_gmt":"2010-09-28T14:43:02","slug":"calcium","status":"publish","type":"page","link":"\/var\/www\/vhosts\/wasser-lexikon.de\/httpdocs\/calcium\/","title":{"rendered":"Calcium"},"content":{"rendered":"<div>ist in reinem Zustand ein silberwei\u00dfes z\u00e4hes Metall, das zu den  Erdalkali-Metallen geh\u00f6rt. Es ist das dritth\u00e4ufigste chemische Element,  das in der Erdkruste vorkommt. Calciumverbindungen finden sich im <a href=\"http:\/\/wasserlexikon.de\/kalk\/\">Kalk<\/a> (Gebirge), aber auch in den Knochen und Z\u00e4hnen von Mensch und Tier.<\/div>\n<table  class=\" table table-hover\" style=\"width: 90%;\" border=\"0\" cellspacing=\"1\" cellpadding=\"3\">\n<tbody>\n<tr>\n<td><strong><a href=\"http:\/\/wasserlexikon.de\/calcium\/\" target=\"_self\">Wasser-Lexikon: Calcium<\/a><\/strong><\/td>\n<\/tr>\n<tr>\n<td><strong><a href=\"http:\/\/wasserlexikon.de\/wasserharte\/\" target=\"_self\">Wasser-Lexikon: <a href=\"http:\/\/www.wasser-lexikon.de\/Wasser\" class=\"kblinker\" title=\"More about Wasser &raquo;\">Wasser<\/a>h\u00e4rte<\/a><\/strong><\/td>\n<\/tr>\n<tr>\n<td><strong><a href=\"http:\/\/wasserlexikon.de\/harte\/\" target=\"_self\">Wasser-Lexikon: H\u00e4rte<\/a><\/strong><\/td>\n<\/tr>\n<tr>\n<td><strong><a href=\"http:\/\/wasserlexikon.de\/calcit-sattigung\/\" target=\"_self\">Wasser-Lexikon: Calcit-S\u00e4ttigung<\/a><\/strong><\/td>\n<\/tr>\n<tr>\n<td><strong><a href=\"http:\/\/wasserlexikon.de\/aufhartung\/\" target=\"_self\">Wasser-Lexikon: Aufh\u00e4rtung<\/a><\/strong><\/td>\n<\/tr>\n<tr>\n<td><strong><a href=\"http:\/\/wasserlexikon.de\/enthartung\/\" target=\"_self\">Wasser-Lexikon: Enth\u00e4rtung<\/a><\/strong><\/td>\n<\/tr>\n<tr>\n<td><strong><a href=\"http:\/\/wasserlexikon.de\/barium\/\" target=\"_self\">Wasser-Lexikon: Barium<\/a><\/strong><\/td>\n<\/tr>\n<tr>\n<td><strong><a href=\"http:\/\/www.wasser-lexikon.de\/\">Wasser-Lexikon: Glossar<\/a><\/strong><\/td>\n<\/tr>\n<tr>\n<td><strong><a href=\"http:\/\/wasserlexikon.de\/erdalkalien\/\" target=\"_self\">Wasser-Lexikon: Erdalkalien<\/a><\/strong><\/td>\n<\/tr>\n<tr>\n<td><strong><a href=\"http:\/\/wasserlexikon.de\/mineralstoffe\/\" target=\"_self\">Wasser-Lexikon: Mineralstoffe<\/a><\/strong><\/td>\n<\/tr>\n<\/tbody>\n<\/table>\n","protected":false},"excerpt":{"rendered":"<p>ist in reinem Zustand ein silberwei\u00dfes z\u00e4hes Metall, das zu den Erdalkali-Metallen geh\u00f6rt. Es ist das dritth\u00e4ufigste chemische Element, das in der Erdkruste vorkommt. Calciumverbindungen finden sich im Kalk (Gebirge), aber auch in den Knochen und Z\u00e4hnen von Mensch und Tier. Wasser-Lexikon: Calcium Wasser-Lexikon: Wasserh\u00e4rte Wasser-Lexikon: H\u00e4rte Wasser-Lexikon: Calcit-S\u00e4ttigung Wasser-Lexikon: Aufh\u00e4rtung Wasser-Lexikon: Enth\u00e4rtung Wasser-Lexikon: Barium [&hellip;]<\/p>\n","protected":false},"author":1,"featured_media":0,"parent":0,"menu_order":0,"comment_status":"closed","ping_status":"closed","template":"","meta":{"footnotes":""},"tags":[],"class_list":["post-136","page","type-page","status-publish","hentry"],"_links":{"self":[{"href":"\/var\/www\/vhosts\/wasser-lexikon.de\/httpdocs\/wp-json\/wp\/v2\/pages\/136","targetHints":{"allow":["GET"]}}],"collection":[{"href":"\/var\/www\/vhosts\/wasser-lexikon.de\/httpdocs\/wp-json\/wp\/v2\/pages"}],"about":[{"href":"\/var\/www\/vhosts\/wasser-lexikon.de\/httpdocs\/wp-json\/wp\/v2\/types\/page"}],"author":[{"embeddable":true,"href":"\/var\/www\/vhosts\/wasser-lexikon.de\/httpdocs\/wp-json\/wp\/v2\/users\/1"}],"replies":[{"embeddable":true,"href":"\/var\/www\/vhosts\/wasser-lexikon.de\/httpdocs\/wp-json\/wp\/v2\/comments?post=136"}],"version-history":[{"count":1,"href":"\/var\/www\/vhosts\/wasser-lexikon.de\/httpdocs\/wp-json\/wp\/v2\/pages\/136\/revisions"}],"predecessor-version":[{"id":137,"href":"\/var\/www\/vhosts\/wasser-lexikon.de\/httpdocs\/wp-json\/wp\/v2\/pages\/136\/revisions\/137"}],"wp:attachment":[{"href":"\/var\/www\/vhosts\/wasser-lexikon.de\/httpdocs\/wp-json\/wp\/v2\/media?parent=136"}],"wp:term":[{"taxonomy":"post_tag","embeddable":true,"href":"\/var\/www\/vhosts\/wasser-lexikon.de\/httpdocs\/wp-json\/wp\/v2\/tags?post=136"}],"curies":[{"name":"wp","href":"https:\/\/api.w.org\/{rel}","templated":true}]}}