{"id":126,"date":"2010-09-28T14:41:15","date_gmt":"2010-09-28T14:41:15","guid":{"rendered":"http:\/\/localhost\/wasserlexikon\/"},"modified":"2010-09-28T14:41:15","modified_gmt":"2010-09-28T14:41:15","slug":"bundesseuchengesetz","status":"publish","type":"page","link":"\/var\/www\/vhosts\/wasser-lexikon.de\/httpdocs\/bundesseuchengesetz\/","title":{"rendered":"Bundesseuchengesetz"},"content":{"rendered":"<div>Das <a href=\"http:\/\/www.wasser-lexikon.de\/Bundesseuchengesetz\" class=\"kblinker\" title=\"More about Bundesseuchengesetz &raquo;\">Bundesseuchengesetz<\/a> aus dem Jahr 1961 stellte bis zum 31.12.2000 die rechtliche Grundlage der <a href=\"http:\/\/wasserlexikon.de\/trinkwasserverordnung\/\"><a href=\"http:\/\/www.wasser-lexikon.de\/Trinkwasserverordnung\" class=\"kblinker\" title=\"More about Trinkwasserverordnung &raquo;\">Trinkwasserverordnung<\/a><\/a> dar, die eine Durchf\u00fchrungsverordnung des Bundesseuchengesetzes ist. In  \u00a7 11 dieses Gesetzes war die f\u00fcr Deutschland ma\u00dfgebliche rechtliche  Definition von <a href=\"http:\/\/www.wasser-lexikon.de\/Trinkwasser\" class=\"kblinker\" title=\"More about Trinkwasser &raquo;\">Trinkwasser<\/a> angegeben: &#8222;<a href=\"http:\/\/wasserlexikon.de\/trinkwasser\/\">Trinkwasser<\/a> &#8230;, mu\u00df so beschaffen sein, da\u00df durch seinen Genu\u00df oder Gebrauch eine  Sch\u00e4digung der menschlichen Gesundheit, insbesondere durch <a href=\"http:\/\/wasserlexikon.de\/krankheitserreger\/\"><a href=\"http:\/\/www.wasser-lexikon.de\/Krankheitserreger\" class=\"kblinker\" title=\"More about Krankheitserreger &raquo;\">Krankheitserreger<\/a><\/a>, nicht zu besorgen ist. <a href=\"http:\/\/wasserlexikon.de\/wassergewinnung\/\">Wassergewinnungs<\/a>&#8211; und <a href=\"http:\/\/wasserlexikon.de\/wasserversorgungsanlage\/\">Wasserversorgungsanlagen<\/a> &#8230; unterliegen insoweit der \u00dcberwachung durch das Gesundheitsamt.&#8220; Am 01.01.2001 wurde das Bundesseuchengesetz vom <a href=\"http:\/\/wasserlexikon.de\/infektionsschutzgesetz\/\"><a href=\"http:\/\/www.wasser-lexikon.de\/Infektionsschutzgesetz\" class=\"kblinker\" title=\"More about Infektionsschutzgesetz &raquo;\">Infektionsschutzgesetz<\/a><\/a> abgel\u00f6st.<\/div>\n<table  class=\" table table-hover\" style=\"width: 90%;\" border=\"0\" cellspacing=\"1\" cellpadding=\"3\">\n<tbody>\n<tr>\n<td><strong><a href=\"http:\/\/wasserlexikon.de\/bundesseuchengesetz\/\" target=\"_self\">Wasser-Lexikon: Bundesseuchengesetz<\/a><\/strong><\/td>\n<\/tr>\n<tr>\n<td><strong><a href=\"http:\/\/wasserlexikon.de\/trinkwasserverordnung\/\" target=\"_self\">Wasser-Lexikon: Trinkwasserverordnung<\/a><\/strong><\/td>\n<\/tr>\n<tr>\n<td><strong><a href=\"http:\/\/wasserlexikon.de\/infektionsschutzgesetz\/\" target=\"_self\">Wasser-Lexikon: Infektionsschutzgesetz<\/a><\/strong><\/td>\n<\/tr>\n<tr>\n<td><strong><a href=\"http:\/\/wasserlexikon.de\/lebensmittelgesetz\/\" target=\"_self\">Wasser-Lexikon: Lebensmittelgesetz<\/a><\/strong><\/td>\n<\/tr>\n<tr>\n<td><strong><a href=\"http:\/\/www.wasser-lexikon.de\/\">Wasser-Lexikon: Glossar<\/a><\/strong><\/td>\n<\/tr>\n<\/tbody>\n<\/table>\n","protected":false},"excerpt":{"rendered":"<p>Das Bundesseuchengesetz aus dem Jahr 1961 stellte bis zum 31.12.2000 die rechtliche Grundlage der Trinkwasserverordnung dar, die eine Durchf\u00fchrungsverordnung des Bundesseuchengesetzes ist. In \u00a7 11 dieses Gesetzes war die f\u00fcr Deutschland ma\u00dfgebliche rechtliche Definition von Trinkwasser angegeben: &#8222;Trinkwasser &#8230;, mu\u00df so beschaffen sein, da\u00df durch seinen Genu\u00df oder Gebrauch eine Sch\u00e4digung der menschlichen Gesundheit, insbesondere [&hellip;]<\/p>\n","protected":false},"author":1,"featured_media":0,"parent":0,"menu_order":0,"comment_status":"closed","ping_status":"closed","template":"","meta":{"footnotes":""},"tags":[],"class_list":["post-126","page","type-page","status-publish","hentry"],"_links":{"self":[{"href":"\/var\/www\/vhosts\/wasser-lexikon.de\/httpdocs\/wp-json\/wp\/v2\/pages\/126","targetHints":{"allow":["GET"]}}],"collection":[{"href":"\/var\/www\/vhosts\/wasser-lexikon.de\/httpdocs\/wp-json\/wp\/v2\/pages"}],"about":[{"href":"\/var\/www\/vhosts\/wasser-lexikon.de\/httpdocs\/wp-json\/wp\/v2\/types\/page"}],"author":[{"embeddable":true,"href":"\/var\/www\/vhosts\/wasser-lexikon.de\/httpdocs\/wp-json\/wp\/v2\/users\/1"}],"replies":[{"embeddable":true,"href":"\/var\/www\/vhosts\/wasser-lexikon.de\/httpdocs\/wp-json\/wp\/v2\/comments?post=126"}],"version-history":[{"count":1,"href":"\/var\/www\/vhosts\/wasser-lexikon.de\/httpdocs\/wp-json\/wp\/v2\/pages\/126\/revisions"}],"predecessor-version":[{"id":127,"href":"\/var\/www\/vhosts\/wasser-lexikon.de\/httpdocs\/wp-json\/wp\/v2\/pages\/126\/revisions\/127"}],"wp:attachment":[{"href":"\/var\/www\/vhosts\/wasser-lexikon.de\/httpdocs\/wp-json\/wp\/v2\/media?parent=126"}],"wp:term":[{"taxonomy":"post_tag","embeddable":true,"href":"\/var\/www\/vhosts\/wasser-lexikon.de\/httpdocs\/wp-json\/wp\/v2\/tags?post=126"}],"curies":[{"name":"wp","href":"https:\/\/api.w.org\/{rel}","templated":true}]}}