{"id":1142,"date":"2011-09-26T10:17:46","date_gmt":"2011-09-26T10:17:46","guid":{"rendered":"http:\/\/www.wasser-lexikon.de\/?page_id=1142"},"modified":"2012-04-20T22:05:22","modified_gmt":"2012-04-20T21:05:22","slug":"grander-wasser","status":"publish","type":"page","link":"\/var\/www\/vhosts\/wasser-lexikon.de\/httpdocs\/grander-wasser\/","title":{"rendered":"Grander"},"content":{"rendered":"<p><strong><a href=\"http:\/\/www.urquellwasser.eu\/technologien\/wasserbelebung\/kalkschutz\/grander-wasser-und-grander-wasserbelebung\/33237\/\">Grander Wasser<\/a><\/strong> ist die Bezeichnung, mit welcher das durch ein <a href=\"http:\/\/www.urquellwasser.eu\/news\/wasserbelebung\/kalkschutz\/grander-wasser\/332017\/\">Grander Wasserbelebungsger\u00e4t<\/a> durchflossene <a href=\"http:\/\/www.wasser-lexikon.de\/leitungswasser\/\">Leitungswasser<\/a> bezeichnet.\u00a0 Es wird erkl\u00e4rt, das <em>Grander <a href=\"http:\/\/www.wasser-lexikon.de\/Wasser\" class=\"kblinker\" title=\"More about Wasser &raquo;\">Wasser<\/a><\/em> w\u00e4re ein mit Naturverfahren belebtes Wasser. Das Besondere l\u00e4ge darin, dass es \u00fcber Jahre haltbar und frisch bleibt. Dies w\u00fcrde durch die <a href=\"http:\/\/www.wasser-lexikon.de\/wasserbelebung\/\">Wasserbelebung<\/a> erreicht, Zus\u00e4tze oder weitere Wasseraufbereitungsmethoden w\u00e4ren nicht erforderlich.\u00a0 Eine Beschreibung des Grander Wasserbelebungsger\u00e4tes, sowie von weiteren mit nat\u00fcrlichen Energien arbeitende Wasseraufbereitungsger\u00e4te, wie z.B. das EWO Classic Wasserbelebungsger\u00e4t mit Verwirbelung, ist bei <a href=\"http:\/\/www.urquellwasser.eu\/technologien\/wasserbelebung\/kalkschutz\/hat-grander-das-beste-wasserbelebungsgeraet\/33230\/\">www.urquellwasser.eu.<\/a><\/p>\n<p>&nbsp;<\/p>\n<p><strong> <\/strong><strong><a href=\"http:\/\/www.wasser-lexikon.de\/wasserbelebung\/\" target=\"_self\">Wasser-Lexikon: Wasserbelebung<\/a><\/strong><\/p>\n<p><strong> <\/strong><strong><a href=\"http:\/\/www.wasser-lexikon.de\/leitungswasser\/\" target=\"_self\">Wasser-Lexikon: Leitungswasser<\/a><\/strong><\/p>\n<p><strong> <\/strong><strong><a href=\"http:\/\/www.wasser-lexikon.de\/leitungsnetz\/\" target=\"_self\">Wasser-Lexikon: Leitungsnetz<\/a><\/strong><\/p>\n<p><strong> <\/strong><strong><a href=\"http:\/\/www.wasser-lexikon.de\/wasser\/\" target=\"_self\">Wasser-Lexikon: Wasser<\/a><\/strong><\/p>\n","protected":false},"excerpt":{"rendered":"<p>Grander Wasser ist die Bezeichnung, mit welcher das durch ein Grander Wasserbelebungsger\u00e4t durchflossene Leitungswasser bezeichnet.\u00a0 Es wird erkl\u00e4rt, das Grander Wasser w\u00e4re ein mit Naturverfahren belebtes Wasser. Das Besondere l\u00e4ge darin, dass es \u00fcber Jahre haltbar und frisch bleibt. Dies w\u00fcrde durch die Wasserbelebung erreicht, Zus\u00e4tze oder weitere Wasseraufbereitungsmethoden w\u00e4ren nicht erforderlich.\u00a0 Eine Beschreibung des [&hellip;]<\/p>\n","protected":false},"author":1,"featured_media":0,"parent":0,"menu_order":0,"comment_status":"closed","ping_status":"closed","template":"","meta":{"footnotes":""},"tags":[],"class_list":["post-1142","page","type-page","status-publish","hentry"],"_links":{"self":[{"href":"\/var\/www\/vhosts\/wasser-lexikon.de\/httpdocs\/wp-json\/wp\/v2\/pages\/1142","targetHints":{"allow":["GET"]}}],"collection":[{"href":"\/var\/www\/vhosts\/wasser-lexikon.de\/httpdocs\/wp-json\/wp\/v2\/pages"}],"about":[{"href":"\/var\/www\/vhosts\/wasser-lexikon.de\/httpdocs\/wp-json\/wp\/v2\/types\/page"}],"author":[{"embeddable":true,"href":"\/var\/www\/vhosts\/wasser-lexikon.de\/httpdocs\/wp-json\/wp\/v2\/users\/1"}],"replies":[{"embeddable":true,"href":"\/var\/www\/vhosts\/wasser-lexikon.de\/httpdocs\/wp-json\/wp\/v2\/comments?post=1142"}],"version-history":[{"count":13,"href":"\/var\/www\/vhosts\/wasser-lexikon.de\/httpdocs\/wp-json\/wp\/v2\/pages\/1142\/revisions"}],"predecessor-version":[{"id":1148,"href":"\/var\/www\/vhosts\/wasser-lexikon.de\/httpdocs\/wp-json\/wp\/v2\/pages\/1142\/revisions\/1148"}],"wp:attachment":[{"href":"\/var\/www\/vhosts\/wasser-lexikon.de\/httpdocs\/wp-json\/wp\/v2\/media?parent=1142"}],"wp:term":[{"taxonomy":"post_tag","embeddable":true,"href":"\/var\/www\/vhosts\/wasser-lexikon.de\/httpdocs\/wp-json\/wp\/v2\/tags?post=1142"}],"curies":[{"name":"wp","href":"https:\/\/api.w.org\/{rel}","templated":true}]}}